*2*(-70)/(-4). Suppose j = -2*j. Let p be (j - -1)/(4/28). What is the greatest common factor of p and k?
7
Let j(u) = 3*u - 7. Let h be j(7). Let z be 2/(-4) + h/(-4). Let d(r) = -3*r - 2. Let v be d(z). What is the highest common factor of v and 10?
10
Suppose -3*g + 91 = -5*z, 0*g - 3*g + 3*z = -81. What is the highest common divisor of 198 and g?
22
Let u(g) = 4*g**2 - g - 11. Let h be u(-7). What is the greatest common divisor of h and 24?
24
Let x = -267 + 398. Suppose 4*l = 0, -43 = -a + 2*l - 4*l. Let r = x - a. Calculate the greatest common divisor of 8 and r.
8
Suppose -8 = a - 3. Let l = a - -8. Let r = 2 + l. What is the greatest common factor of 35 and r?
5
Suppose -6*k = -181 - 95. Calculate the greatest common divisor of 23 and k.
23
Let l = 126 - 84. Calculate the highest common divisor of l and 70.
14
Suppose 273 = 20*k - 17*k. Calculate the highest common factor of 13 and k.
13
Suppose -2*s + 18 = s. Let f = 15 - s. Let k(o) = 4*o**2 - 3*o. Let u be k(3). What is the highest common divisor of u and f?
9
Let y be 12/20 - (-4)/10. Let t be 1 - 1/(y/(-111)). What is the greatest common factor of 14 and t?
14
Let o(f) = -f**2 - 11*f + 7. Let m(u) = -u**2 - 2*u + 4. Let j be m(3). Let x be o(j). What is the highest common factor of 49 and x?
7
Let m = 11 + -8. Suppose -n + m*n = 96. Let f be 10/(-15)*-3 + 3 + 1. What is the greatest common divisor of f and n?
6
Suppose 48 = 9*h - 141. What is the greatest common factor of 7 and h?
7
Suppose 225 = 38*d - 33*d. Calculate the greatest common factor of 15 and d.
15
Let n(s) = -2*s**3 - s**2 - 2*s. Let c be n(-1). Suppose 24 = 4*v - 36. Calculate the greatest common divisor of v and c.
3
Let w = 298 + -207. Calculate the highest common divisor of w and 13.
13
Suppose 4*d + 73 = 293. What is the greatest common divisor of d and 5?
5
Let t be (-52)/(-6) - (-10)/(-15). What is the highest common factor of 8 and t?
8
Let m(h) = 4*h - 10. Let z be m(-8). Let l = 82 + z. What is the greatest common factor of l and 10?
10
Let b be 365/10 - 2/4. Suppose -3*i = -3*f + i + 31, 5*i = -5*f + 40. What is the highest common divisor of f and b?
9
Suppose -2*t + 40 = g, 3*t - 2*t = -4*g + 27. Calculate the greatest common divisor of t and 76.
19
Let t(k) = k**2 - k - 32. Let l be t(8). Calculate the greatest common factor of 84 and l.
12
Let y(n) = -n**2 - 6*n - 1. Let a be y(-5). Suppose 4*x - 5 = 2*h + h, -a*h = -4*x. What is the highest common factor of 20 and x?
5
Let c(f) = 2*f**2 - 2*f - 2. Let g be c(3). Let l be g/2 - (-1 - -3). Let v = l + 3. What is the highest common factor of 9 and v?
3
Let i be 2*(81/2 - 2). Suppose -9*b + 270 = -4*b. Suppose -r - p + 2 = 0, 2*r - 4*p + 20 - b = 0. Calculate the highest common factor of i and r.
7
Suppose -v = -5*v + 3*p + 453, 5*p - 575 = -5*v. Calculate the highest common divisor of 6 and v.
6
Let m = 613 + -329. Let h = -152 + m. Calculate the highest common factor of h and 12.
12
Let m(h) be the third derivative of h**4/12 + h**3/3 - 3*h**2. Let l be m(2). Calculate the greatest common factor of 48 and l.
6
Suppose 0 = -3*g - 5*h + 18, -4*g + 2*h = -22 - 28. What is the highest common factor of 11 and g?
11
Suppose 2*j - 17 = -9. Let a = 6 - 2. Calculate the greatest common divisor of a and j.
4
Suppose -5*m + 747 = 127. Calculate the highest common factor of 31 and m.
31
Suppose -3*t = 9, 0*x + 3*t = x - 15. Suppose n = 2*n - 12. What is the greatest common factor of n and x?
6
Let c = -5 - -16. Suppose c - 35 = -2*i. Let p be 32*9/(-60)*-5. Calculate the highest common factor of p and i.
12
Suppose -217 = -3*g + 2*m, -64 + 380 = 4*g + 4*m. What is the highest common factor of g and 50?
25
Suppose -5*a = -4*w - 290, a - 6*a = -2*w - 280. Let n be 3/2*8/(-3). Let b(l) = -3*l - 6. Let y be b(n). What is the highest common divisor of y and a?
6
Suppose 4*f = 5*f - 32. Suppose 4*m + 10 = -6. Let t = 0 - m. What is the greatest common divisor of t and f?
4
Let b(g) = 4*g + 0*g - 2*g + g**3 - 3 + 3*g + 6*g**2. Let i be b(-4). What is the highest common divisor of 45 and i?
9
Let f be -13*((-4 - -2) + 0). Calculate the greatest common divisor of 286 and f.
26
Suppose -7*m = 55 - 517. Let z(n) = 5*n + 1. Suppose -l = 5*b + 4*l - 15, b - 4*l = -7. Let g be z(b). What is the highest common factor of m and g?
6
Let v(h) = 2*h**2 - 8. Let n be v(3). What is the greatest common divisor of n and 4?
2
Let w(z) = 4*z**2 + 2*z - 1. Let i be w(1). Suppose 4*y + c - 190 = -c, 0 = i*y + 3*c - 240. What is the greatest common factor of y and 9?
9
Suppose -4*g = -3*l - 11, -2*g = -3*g + 5. Suppose 3*j - l = 24. Suppose -v - j = -25. Calculate the greatest common factor of v and 16.
16
Let z be (-10)/25 - (-152)/5. What is the highest common factor of 75 and z?
15
Let k be (-45)/(6*(-2)/8). What is the highest common factor of k and 6?
6
Let r(q) = -q**2 + 20*q - 3. Let o be r(17). Calculate the greatest common factor of o and 32.
16
Let q = -8 + 3. Let s = 9 + q. Calculate the highest common factor of 36 and s.
4
Let h = 80 + 0. Suppose 5*a - 2*q = a + h, 2*q = 0. What is the greatest common factor of a and 60?
20
Let o be (4/(-6))/((-24)/108). Let g be (2 - -1) + 2 + o. What is the greatest common divisor of 4 and g?
4
Let z be 2 - ((-8)/2 + 1). Suppose z*i - 19 = 11. What is the greatest common factor of 4 and i?
2
Suppose -44 = -15*t + 13*t. Calculate the greatest common divisor of 88 and t.
22
Suppose -153 = -n + 204. Suppose 2*m + n = 5*m. Let p be 2 - (-2 + -13 + 0). Calculate the highest common divisor of m and p.
17
Let x = -7 + 18. Calculate the highest common divisor of x and 22.
11
Let z be (-4671)/(-45) - 2/(-10). Calculate the greatest common divisor of z and 13.
13
Let s(u) = u. Let o be s(3). Let q be o + 16 - 1*3. Calculate the highest common factor of q and 32.
16
Let f = 4 - 3. Let v = 5 - f. Suppose 0 = -2*c - v, 5*z + 4*c = z + 44. What is the highest common factor of 13 and z?
13
Let g = -42 + 74. What is the greatest common divisor of 8 and g?
8
Let g = 39 - 37. Calculate the greatest common factor of 10 and g.
2
Let k = -15 - -33. Calculate the highest common divisor of 6 and k.
6
Let w(k) = -k**3 - k**2 + 2*k + 2. Let b be w(-3). Let p(i) = i**3 + 6*i**2 - 12*i + 21. Let c be p(-7). Calculate the greatest common factor of c and b.
14
Let o(u) = u. Let b = -4 - -3. Let f be o(b). Let c be (f - 1) + (-30)/(-3). What is the greatest common divisor of 4 and c?
4
Let r = -28 - -41. What is the highest common divisor of r and 143?
13
Suppose 5 = 4*d - 3. Suppose -3*j = -d*j - 13. Let a be 54 + 2 - 4/1. Calculate the highest common divisor of j and a.
13
Let z(r) = r**2 - 7*r + 1. Let u be z(7). Let j be u + (19 + -1)/2. Calculate the greatest common divisor of j and 10.
10
Suppose 5*m = 5*v - 0*m + 315, 3*v = 4*m - 191. Let h = v + 101. Calculate the highest common divisor of 5 and h.
5
Suppose 12 = -38*a + 42*a. What is the greatest common factor of 2 and a?
1
Let o be (2 + 2/(-4))*4. Let b = 0 + 40. Suppose 0 = o*m - m - b. Calculate the greatest common divisor of m and 72.
8
Let p = 63 + 81. What is the greatest common divisor of p and 96?
48
Suppose 3*i - 4*r = 124 - 348, -5*r - 247 = 4*i. Let m be (3/6)/((-2)/i). What is the highest common factor of m and 136?
17
Let y(v) = -2 - 5*v + v**2 - 3*v**3 - 5*v**2 + 0. Let c be y(-3). Let j = -34 + c. Calculate the highest common factor of 120 and j.
24
Suppose 5 = f - 1. Suppose -3*b - m = -5, -4*m + 5 = 4*b + 1. Suppose b*x - 18 = -x. What is the highest common factor of x and f?
6
Suppose 4*x - 2*g = 1258 + 378, 5*g = 5*x - 2055. Calculate the highest common factor of 37 and x.
37
Suppose -6*a = -a. Suppose 0 = 4*m + p - 60, a = 2*m + 2*p - 16 - 14. Let s(k) = -2*k - 3. Let x be s(-4). What is the highest common factor of x and m?
5
Let q(t) = t**2 + 3*t. Let l be 1*(-2 + 1 + -2). Let i be q(l). Suppose -v + 36 = x + x, i = 4*x - v - 60. Calculate the greatest common divisor of x and 48.
16
Suppose 0 = -b - 3 + 12. Suppose 5*v = 249 - 69. Calculate the greatest common divisor of b and v.
9
Let a = -132 - -407. What is the highest common factor of a and 25?
25
Suppose 6*l - 3*l + 5*w + 1 = 0, 2*l = -4*w - 2. Suppose 22 + 23 = l*p. What is the greatest common divisor of p and 30?
15
Suppose -3*x + q 